 + 2*d + 1. Let b(n) = -2*n**3 + 9*n**2 - 9*n - 4. Let y(r) = b(r) + 4*h(r). Determine y(1).
-6
Let g(i) = i + 11. Let k(t) = t**2 - 46*t + 82. Let f be k(44). What is g(f)?
5
Let r(j) = 2*j - 1. Let f(y) = y**2 + 7*y + 9. Let p be f(-6). Let n be p/(2*6/68). Let m = -19 + n. Give r(m).
-5
Let k(j) = 6*j - 18. Suppose -153 - 11 = -41*v. Determine k(v).
6
Let l(c) = c**3 - 6*c**2 - 17*c + 5. Let q be (18/27)/(4/48). Calculate l(q).
-3
Let q(j) = 12*j - 2*j**2 - 35*j - 1 + 8*j + j**3 + 13*j + 4. Suppose 5*s + 2*b - 31 = 0, 1 = 4*s - 5*b - 4. Let a = s - 2. Determine q(a).
6
Let b be (-78)/(-21) + (-4)/(-14). Let h(m) = 2*m + 2*m + b*m - 2*m - 3. Suppose 6*a - 18 = -6. Determine h(a).
9
Let f(d) be the first derivative of -d**3/3 + 3*d**2/2 - d + 5. Suppose -2*w = 7 - 11. Suppose -w*q + 9 = q. Calculate f(q).
-1
Let a(v) = -v**2 + 38*v - 256. Let u be a(29). Let y be (-18)/(-4) + (-3)/6. Let l(w) = 4*w**2 + 0*w**3 - w**3 + w + 1 + y*w. Calculate l(u).
1
Let y(q) be the third derivative of q**4/3 - q**3/6 - 58*q**2 - 3. Let x(c) = -c**3 + 5*c**2 + 7*c - 7. Let j be x(6). Determine y(j).
-9
Let f(r) = r**3 + 9*r**2 + 3*r + 9. Let a = 719 - 728. Give f(a).
-18
Let q = -74 + 75. Let o(w) = 23*w**3 + w**2. Give o(q).
24
Let n(s) = -1 - 46*s + 16*s + s**2 + 23*s. Suppose 6 = -h + 3*h. Let q be (-36)/2*h/(-9). Determine n(q).
-7
Let b(s) be the second derivative of s**5/20 + 7*s**4/12 - 7*s**3/6 + s**2 + 66*s - 1. Give b(-8).
-6
Let f(y) = -y + 1. Suppose 2*j - 4*v = 68, 4*j = -4*v + 9*v + 139. Let h = -30 + j. Determine f(h).
-5
Let i(o) = o**2 + 515 - 250 - 288 - 11*o. What is i(13)?
3
Suppose -7*h - 172 + 11 = 0. Let l = -18 - h. Let k(s) = s. What is k(l)?
5
Let z(r) = 2*r + 2. Let b(w) = w**2 - 8*w + 7. Let q be b(7). Suppose 5*s + 4*l = q, 0*s = -3*s - 2*l - 2. Determine z(s).
-6
Suppose 5*w - 2*m + 29 = 0, -2*w + 5*m - 10*m = 0. Suppose -4*f - 15 = 5*d, d - 3*f - 16 = -0*d. Let g(c) = -d - c + 1. Give g(w).
5
Suppose 4*i - 8 + 24 = -2*z, 3*i + 5*z + 19 = 0. Suppose 0 = 2*c - 5*y + 19 + 6, -25 = -5*y. Let r(u) = 2 + c + 1 - 2*u + u**3 + 3*u**2. Determine r(i).
9
Let u(w) be the third derivative of w**5/60 - 13*w**4/24 + w**3 - 2*w**2 + 2*w. Calculate u(11).
-16
Suppose -7*z - 9 = -4*z. Let f be (1*-6)/z - -1. Let i(n) = 2*n**2 + 2*n - 5 + 3 - 3*n**2. Determine i(f).
-5
Let v(t) = 14*t**3 - 3 - t**3 - 5*t**3 - 9*t**3 - t**2. Calculate v(0).
-3
Suppose -5*z = -5*v + 35, 3*v + z - 7 = 2. Let k(b) = 5 - 2*b - 11*b**2 + 10*b**2 - v*b + 2. Calculate k(-6).
7
Let z be -3 - (1 + (3 - -11)/(-1)). Let o(c) = -z + c**2 + 11 + 2 - 6*c. Calculate o(2).
-5
Let w(q) = -10*q - 4 - 10*q + 7 - q**2 + 13*q. Determine w(-8).
-5
Suppose -t = -3*t + 10. Let k(p) = 11 + 7*p + 8*p - 16*p - 4. Give k(t).
2
Let b be 3*((-39)/(-9) + -2). Let u(c) = -2 + 195*c + b - 196*c. Determine u(5).
0
Suppose -13*h = 10 + 16. Let l(x) = 6*x**2 + 41*x + 9. Let o(t) = t**2 + 8*t + 2. Let r(a) = h*l(a) + 11*o(a). Determine r(4).
12
Let v = 378 + -373. Let y(i) be the second derivative of 2*i**2 + 1/6*i**3 + v*i + 0. Give y(-5).
-1
Suppose 0 = r - 3*g - 18, -3*r - 13 = r + 5*g. Suppose -r*q = 6, 3*q = -x + q + 21. Suppose -16*w = -11*w - x. Let l(v) = v - 5. Determine l(w).
0
Let t(h) = 6*h + 14. Let q(f) = -9*f - 21. Let m(a) = -5*q(a) - 8*t(a). Calculate m(-2).
-1
Let n = -38 + 35. Let y be n*4/(2 + 2). Let m(x) be the second derivative of -x**4/12 - x**3/2 - x**2/2 + x. Determine m(y).
-1
Let i(r) be the first derivative of r**3/3 + 7*r**2 + 19*r + 782. Determine i(-9).
-26
Let i(x) = 24 + x**3 + 8*x**2 - 31 + 6*x - 7. Calculate i(-7).
-7
Suppose -3*d + s = 213 - 207, 2*s = -4*d - 8. Let t(j) = 3*j**2 + 2*j + 4. What is t(d)?
12
Let z(s) be the first derivative of -s**4/4 - 4*s**3/3 - 3*s**2/2 - 3*s + 171. Determine z(-3).
-3
Let v(w) be the third derivative of 1/24*w**4 + 0*w + 8*w**2 + 0 - 1/6*w**3. What is v(1)?
0
Suppose 0 = 2*z + 18 - 2. Let a(y) = 2*y + 18. Let s be a(z). Let n be 5/((-1)/(1 - s)). Let j(u) = -u + 7. Determine j(n).
2
Let w(y) = y + 5 - 11 - 1 + y**2 + 3. Give w(-3).
2
Let f(j) = -18*j. Let n(v) = 2*v - 1. Let q(p) = -f(p) - 2*n(p). Calculate q(-1).
-12
Let t(c) = -5 - 1 + 4*c - 3*c. Let s(w) = -w**3 + 4*w**2 + 32*w + 5. Let p be s(-4). What is t(p)?
-1
Let l(w) = -w**3 + 6*w**2 - w - 1. Let i = 5 + -2. Suppose 12*h - i = 69. Determine l(h).
-7
Let r be -9*1 + 2 + 0. Let x(h) be the third derivative of -h**4/12 - 21*h**2. Let m(s) = -s. Let t(g) = -3*m(g) + 2*x(g). What is t(r)?
7
Let l(x) be the first derivative of x**6/360 + x**5/24 + 5*x**4/24 - 4*x**3 + 1. Let o(i) be the third derivative of l(i). Let m = 7 + -11. Determine o(m).
1
Let i(f) be the third derivative of 2*f**5/15 - f**4/24 - f**3/6 - 501*f**2. Give i(2).
29
Suppose -30 = 171*j - 186*j. Let w(g) = 3*g**2 - g - 1. Calculate w(j).
9
Let u be -4 + (1 - 2) + -1. Let r(y) = 6*y - 6. Let k(h) = 4*h + 352 - h - 2*h - 353. Let x(d) = u*r(d) + 34*k(d). Give x(-2).
6
Let j(w) = -3*w**2 + 6. Let q(x) = 7*x**2 - x - 13. Let g(l) = 5*j(l) + 2*q(l). Suppose 0*v = -2*v + 8. Suppose -8 - 4 = v*i. Determine g(i).
1
Let v = -743 - -746. Let u(k) = -1 - 2 + 1 - 3*k + k**3. Calculate u(v).
16
Suppose -27*x = -24*x - 90. Let a(q) = 23 - 62 - q + x. What is a(-4)?
-5
Suppose -2*k - 2508 = -2536. Let a(p) = -p**2 + 15*p + 2. What is a(k)?
16
Let j(a) = -6*a**2 - a - 7. Let l(d) = -d + 8. Let c be l(4). Let t(k) = 5*k**2 + 6. Let o(q) = c*j(q) + 5*t(q). Let z = 4 - 0. What is o(z)?
2
Let y(h) = 2*h**3 + 3*h**2 + 8*h + 3. Let g(i) = -i**3 + 2*i**2 + 1. Let z(s) = -g(s) - y(s). Give z(-5).
36
Let y(j) = j**2 - j - 2. Suppose 4*o = -3 + 19. Suppose 0 = 3*a - 5*p + 25, 4*a - 3*a - 20 = -o*p. Calculate y(a).
-2
Let b(o) = o**3 + 7*o**2 - 2*o - 1. Let a(y) = -185*y + 178. Let u be a(1). Determine b(u).
13
Let p(v) = -v**2 - v**2 + 29*v - 2*v**3 + 3*v**3 - 32*v. Let z = -1 - -4. Let c be 24/18*z/(-2). Give p(c).
-10
Let o(x) = -x**2 + 5*x + 4. Suppose 0 = 7*a - 4*a + 126. Let f = 47 + a. Determine o(f).
4
Let m be (-6)/(-2) - (1 - 1). Suppose 4*t - m*t = -3. Let g(h) = -2*h - 1. Let y(k) = -k. Let p(n) = -g(n) + 5*y(n). What is p(t)?
10
Suppose -3*z - 15 = -4*w, -7*z + 1 = -8*z. Let g(t) be the first derivative of 3/2*t**2 + 3*t + 1/3*t**w - 5. Calculate g(-3).
3
Suppose -h - 14 + 19 = -4*b, 0 = -h - b - 5. Let w(k) = -k - 4. Determine w(h).
-1
Let o be 0/(-28) - 10/(0 + 2). Let w(y) = y**3 + 4*y**2 - 4*y + 1. What is w(o)?
-4
Let q be 5*(-7)/(-10)*(-4)/(-7). Let t(b) = -b**3 + 3*b**2 - 2*b + 2. Calculate t(q).
2
Let u(n) be the first derivative of 1/4*n**4 + 5/2*n**2 + 2*n + n**3 + 6. Determine u(-3).
-13
Let r(v) = v**3 + 5*v**2 - 7*v - 4. Let l be r(-6). Suppose -8*z + 42 = -z. Let t(m) = 0 + 1 + 3*m - 5*m**3 - z*m - m**2 + 6*m**3. Give t(l).
-1
Let p be (-2)/7 + (-648)/84. Let o(g) be the third derivative of -g**5/60 - 3*g**4/8 - 7*g**3/6 - 3*g**2 + 18*g. What is o(p)?
1
Let x(f) = -f**2 + 4*f - 6. Let l = -220 - -227. Determine x(l).
-27
Let x(u) = -u**2 - 6*u + 2. Let q(b) = 6*b + 27. Let v be q(-6). Give x(v).
-25
Let i(s) be the third derivative of -s**6/120 + s**5/60 + s**4/12 + s**3/3 + 54*s**2. Determine i(-3).
32
Let j(q) be the second derivative of q**3/6 - 3*q**2/2 - 251*q + 1. What is j(6)?
3
Let l be ((-42)/18)/((-4)/(-12)). Let w(o) = o**2 + 5*o - 6. What is w(l)?
8
Let h(a) = a**3 - 13*a**2 - 13*a - 14. Let t be h(14). Suppose 2*f + f + 3 = t. Let r(z) = 483*z - 15*z**2 - 483*z + 1. What is r(f)?
-14
Let f(r) = -r**2 - 3. Let z be f(0). Let o be (4/z)/(-1)*3. Let c(g) = -g**3 + 6*g**2 - 7*g + 5. Calculate c(o).
9
Let c(w) = 15*w**2 - 7. Let m(l) = 13*l**2 - l - 6. Let n(u) = -6*c(u) + 7*m(u). Give n(5).
-10
Let c be ((-22)/(-3))/((-6)/(-9)). Let j = -11 + c. Let l be (-1 + j)*(12 + -7). Let t(a) = a + 2. Determine t(l).
-3
Let j be (-212)/(-18) + (-4)/(-18). Let x = 6 - j. Let m(k) = -k**2 + 9*k - 7*k - 7*k. What is m(x)?
-6
Let a = 42 - 47. Let t be a - (-1 - 0 - 1). Let n(i) = -i**3 - 4*i**2 - 4*i + 1. Determine n(t).
4
Let y(p) = p + 5. Suppose -4*q + 6 + 6 = 0. Let c(b) be the third derivative of b**4/24 - b**3 + 6*b**2. Let d be c(q). Calculate y(d).
2
Let o be (2/(-4))/(((-78)/(-12))/13). Let c(n) = -30*n + 2. Determine c(o).
32
Let l(m) = m**3 + 6*m**2 + 5*m + 32. Let k be l(-6). Let z(s) = 0 + 16*